{"id":1268,"date":"2022-04-15T21:23:07","date_gmt":"2022-04-15T19:23:07","guid":{"rendered":"https:\/\/paulusgemeinde-raunheim.de\/?page_id=1268"},"modified":"2022-04-15T21:23:07","modified_gmt":"2022-04-15T19:23:07","slug":"kitas-corpak-de","status":"publish","type":"page","link":"https:\/\/paulusgemeinde-raunheim.de\/?page_id=1268","title":{"rendered":"Kitas &#8211; CORPAK.de"},"content":{"rendered":"\n<hr class=\"wp-block-separator\"\/>\n\n\n\n<p><strong>Corona-HERZENSP\u00c4CKCHEN<\/strong> (<a rel=\"noreferrer noopener\" aria-label=\"www.corpak.de (\u00f6ffnet in neuem Tab)\" href=\"http:\/\/corpak.de\" target=\"_blank\">www.corpak.de<\/a>)<br>Die Unterst\u00fctzungma\u00dfnahmen vom 16.03. bis Anfang Juni 2020 f\u00fcr die Kita Kinder wurde mit dem 11. Corpak (Herzensp\u00e4ckchen) eingestellt. <br>Ein letztes 12. CorPak (Herzensp\u00e4ckchen) f\u00fcr Weihnachten im Corona-Jahr 2020 wurde noch ausgeliefert.<\/p>\n\n\n\n<p>Die Herzensp\u00e4ckchen sind weit \u00fcber Raunheim und Hessen durch Rundfunk, TV und Zeitung bekannt geworden. <\/p>\n\n\n\n<h2 class=\"has-black-color has-text-color wp-block-heading\">Zu unseren Kitas &#8211; <a rel=\"noreferrer noopener\" aria-label=\" (\u00f6ffnet in neuem Tab)\" href=\"https:\/\/paulusgemeinde-raunheim.de\/?p=88\" target=\"_blank\">HIER<\/a><\/h2>\n\n\n\n<p><\/p>\n","protected":false},"excerpt":{"rendered":"<p>Corona-HERZENSP\u00c4CKCHEN (www.corpak.de)Die Unterst\u00fctzungma\u00dfnahmen vom 16.03. bis Anfang Juni 2020 f\u00fcr die Kita Kinder wurde mit dem 11. Corpak (Herzensp\u00e4ckchen) eingestellt. Ein letztes 12. CorPak (Herzensp\u00e4ckchen) f\u00fcr Weihnachten im Corona-Jahr 2020 &hellip; <a href=\"https:\/\/paulusgemeinde-raunheim.de\/?page_id=1268\" class=\"more-link\"><span class=\"screen-reader-text\">Kitas &#8211; CORPAK.de<\/span> weiterlesen <span class=\"meta-nav\">&rarr;<\/span><\/a><\/p>\n","protected":false},"author":1,"featured_media":0,"parent":0,"menu_order":0,"comment_status":"closed","ping_status":"closed","template":"","meta":{"footnotes":""},"class_list":["post-1268","page","type-page","status-publish","hentry"],"_links":{"self":[{"href":"https:\/\/paulusgemeinde-raunheim.de\/index.php?rest_route=\/wp\/v2\/pages\/1268","targetHints":{"allow":["GET"]}}],"collection":[{"href":"https:\/\/paulusgemeinde-raunheim.de\/index.php?rest_route=\/wp\/v2\/pages"}],"about":[{"href":"https:\/\/paulusgemeinde-raunheim.de\/index.php?rest_route=\/wp\/v2\/types\/page"}],"author":[{"embeddable":true,"href":"https:\/\/paulusgemeinde-raunheim.de\/index.php?rest_route=\/wp\/v2\/users\/1"}],"replies":[{"embeddable":true,"href":"https:\/\/paulusgemeinde-raunheim.de\/index.php?rest_route=%2Fwp%2Fv2%2Fcomments&post=1268"}],"version-history":[{"count":1,"href":"https:\/\/paulusgemeinde-raunheim.de\/index.php?rest_route=\/wp\/v2\/pages\/1268\/revisions"}],"predecessor-version":[{"id":1269,"href":"https:\/\/paulusgemeinde-raunheim.de\/index.php?rest_route=\/wp\/v2\/pages\/1268\/revisions\/1269"}],"wp:attachment":[{"href":"https:\/\/paulusgemeinde-raunheim.de\/index.php?rest_route=%2Fwp%2Fv2%2Fmedia&parent=1268"}],"curies":[{"name":"wp","href":"https:\/\/api.w.org\/{rel}","templated":true}]}}