{"id":1814,"date":"2024-11-09T14:59:58","date_gmt":"2024-11-09T13:59:58","guid":{"rendered":"https:\/\/paulusgemeinde-raunheim.de\/?page_id=1814"},"modified":"2026-04-01T20:21:11","modified_gmt":"2026-04-01T18:21:11","slug":"blickkontakt-aktuell","status":"publish","type":"page","link":"https:\/\/paulusgemeinde-raunheim.de\/?page_id=1814","title":{"rendered":"Blickkontakt"},"content":{"rendered":"\n<h6 class=\"wp-block-heading\"><strong>Klicken Sie auf das unten angezeigte Titel-Bild<\/strong> des Blickkontaktes.<br>Der Blickkontakt \u00f6ffnet sich als Gesamtbild zum BL\u00c4TTERN.<br>Mit den Pfeilen (&lt;&gt;) neben den Seiten kommen Sie vor und zur\u00fcck.<\/h6>\n\n\n\n<h6 class=\"wp-block-heading has-text-align-center\">Die Navigationsleiste unter dem Blickkontakt er\u00f6ffnet weitere Optionen.<\/h6>\n\n\n\n<figure class=\"wp-block-gallery has-nested-images columns-default is-cropped wp-block-gallery-1 is-layout-flex wp-block-gallery-is-layout-flex\">\n<figure class=\"wp-block-image size-full\"><img loading=\"lazy\" decoding=\"async\" width=\"405\" height=\"170\" data-id=\"1836\" src=\"https:\/\/paulusgemeinde-raunheim.de\/wp-content\/uploads\/2024\/11\/DFlip-Leiste-erklaertV2.png\" alt=\"\" class=\"wp-image-1836\" srcset=\"https:\/\/paulusgemeinde-raunheim.de\/wp-content\/uploads\/2024\/11\/DFlip-Leiste-erklaertV2.png 405w, https:\/\/paulusgemeinde-raunheim.de\/wp-content\/uploads\/2024\/11\/DFlip-Leiste-erklaertV2-300x126.png 300w\" sizes=\"auto, (max-width: 405px) 100vw, 405px\" \/><\/figure>\n\n\n\n<figure class=\"wp-block-image size-large\"><img loading=\"lazy\" decoding=\"async\" width=\"478\" height=\"204\" data-id=\"1832\" src=\"https:\/\/paulusgemeinde-raunheim.de\/wp-content\/uploads\/2024\/11\/DFlip-Punkte-Leiste-erklaert.png\" alt=\"\" class=\"wp-image-1832\" srcset=\"https:\/\/paulusgemeinde-raunheim.de\/wp-content\/uploads\/2024\/11\/DFlip-Punkte-Leiste-erklaert.png 478w, https:\/\/paulusgemeinde-raunheim.de\/wp-content\/uploads\/2024\/11\/DFlip-Punkte-Leiste-erklaert-300x128.png 300w\" sizes=\"auto, (max-width: 478px) 100vw, 478px\" \/><\/figure>\n<\/figure>\n\n\n\n<p class=\"has-text-align-center has-medium-font-size\"><strong>Blickkontakt 2026-0<\/strong>3<br><strong>(April &#8211; Mai 2026)<\/strong><\/p>\n\n\n<p><center><div class=\"_df_thumb \" id=\"df_2463\"  _slug=\"blickkontakt-2026-03\" data-title=\"blickkontakt-2026-03\" wpoptions=\"true\" thumb=\"https:\/\/paulusgemeinde-raunheim.de\/wp-content\/uploads\/2026\/04\/Blickkontakt-2026-03-gross.png\" thumbtype=\"\" >Blickkontakt 2026.03<\/div><script class=\"df-shortcode-script\" nowprocket type=\"application\/javascript\">window.option_df_2463 = {\"outline\":[],\"autoEnableOutline\":\"false\",\"autoEnableThumbnail\":\"false\",\"overwritePDFOutline\":\"false\",\"direction\":\"1\",\"pageSize\":\"0\",\"source\":\"https:\\\/\\\/paulusgemeinde-raunheim.de\\\/wp-content\\\/uploads\\\/2026\\\/04\\\/2026-03-BlickKontakt.pdf\",\"wpOptions\":\"true\"}; if(window.DFLIP && window.DFLIP.parseBooks){window.DFLIP.parseBooks();}<\/script><\/center><\/p>\n\n\n\n<h6 class=\"wp-block-heading has-text-align-center has-medium-font-size\">Diesen und \u00e4ltere Blickkontakte finden im <a href=\"https:\/\/paulusgemeinde-raunheim.de\/?page_id=415\">Blickkontakt-Archiv<\/a>. Dort k\u00f6nnen Sie in allen Ausgaben bl\u00e4ttern oder auch diese &#8211; wie oben ausgef\u00fchrt &#8211; als PDF downloaden. <\/h6>\n","protected":false},"excerpt":{"rendered":"<p>Klicken Sie auf das unten angezeigte Titel-Bild des Blickkontaktes.Der Blickkontakt \u00f6ffnet sich als Gesamtbild zum BL\u00c4TTERN.Mit den Pfeilen (&lt;&gt;) neben den Seiten kommen Sie vor und zur\u00fcck. Die Navigationsleiste unter &hellip; <a href=\"https:\/\/paulusgemeinde-raunheim.de\/?page_id=1814\" class=\"more-link\"><span class=\"screen-reader-text\">Blickkontakt<\/span> weiterlesen <span class=\"meta-nav\">&rarr;<\/span><\/a><\/p>\n","protected":false},"author":1,"featured_media":0,"parent":0,"menu_order":0,"comment_status":"closed","ping_status":"closed","template":"","meta":{"footnotes":""},"class_list":["post-1814","page","type-page","status-publish","hentry"],"_links":{"self":[{"href":"https:\/\/paulusgemeinde-raunheim.de\/index.php?rest_route=\/wp\/v2\/pages\/1814","targetHints":{"allow":["GET"]}}],"collection":[{"href":"https:\/\/paulusgemeinde-raunheim.de\/index.php?rest_route=\/wp\/v2\/pages"}],"about":[{"href":"https:\/\/paulusgemeinde-raunheim.de\/index.php?rest_route=\/wp\/v2\/types\/page"}],"author":[{"embeddable":true,"href":"https:\/\/paulusgemeinde-raunheim.de\/index.php?rest_route=\/wp\/v2\/users\/1"}],"replies":[{"embeddable":true,"href":"https:\/\/paulusgemeinde-raunheim.de\/index.php?rest_route=%2Fwp%2Fv2%2Fcomments&post=1814"}],"version-history":[{"count":31,"href":"https:\/\/paulusgemeinde-raunheim.de\/index.php?rest_route=\/wp\/v2\/pages\/1814\/revisions"}],"predecessor-version":[{"id":2472,"href":"https:\/\/paulusgemeinde-raunheim.de\/index.php?rest_route=\/wp\/v2\/pages\/1814\/revisions\/2472"}],"wp:attachment":[{"href":"https:\/\/paulusgemeinde-raunheim.de\/index.php?rest_route=%2Fwp%2Fv2%2Fmedia&parent=1814"}],"curies":[{"name":"wp","href":"https:\/\/api.w.org\/{rel}","templated":true}]}}